ded by 179.
13
What is the remainder when 39 is divided by 5?
4
Calculate the remainder when 3516 is divided by 586.
0
Calculate the remainder when 264 is divided by 24.
0
What is the remainder when 197 is divided by 51?
44
Calculate the remainder when 51 is divided by 23.
5
What is the remainder when 266 is divided by 146?
120
What is the remainder when 117 is divided by 34?
15
Calculate the remainder when 14 is divided by 6.
2
What is the remainder when 295 is divided by 216?
79
Calculate the remainder when 572 is divided by 115.
112
Calculate the remainder when 198 is divided by 29.
24
Calculate the remainder when 59 is divided by 36.
23
Calculate the remainder when 3161 is divided by 15.
11
Calculate the remainder when 592 is divided by 18.
16
What is the remainder when 564 is divided by 24?
12
What is the remainder when 358 is divided by 40?
38
Calculate the remainder when 1999 is divided by 118.
111
What is the remainder when 866 is divided by 72?
2
What is the remainder when 135 is divided by 62?
11
What is the remainder when 1447 is divided by 50?
47
What is the remainder when 309 is divided by 52?
49
What is the remainder when 298 is divided by 70?
18
Calculate the remainder when 589 is divided by 63.
22
Calculate the remainder when 27 is divided by 2.
1
Calculate the remainder when 101 is divided by 26.
23
What is the remainder when 257 is divided by 53?
45
Calculate the remainder when 576 is divided by 115.
1
What is the remainder when 497 is divided by 8?
1
What is the remainder when 1309 is divided by 10?
9
Calculate the remainder when 364 is divided by 12.
4
Calculate the remainder when 440 is divided by 37.
33
Calculate the remainder when 909 is divided by 156.
129
Calculate the remainder when 631 is divided by 283.
65
What is the remainder when 157 is divided by 101?
56
What is the remainder when 442 is divided by 146?
4
What is the remainder when 214 is divided by 65?
19
What is the remainder when 612 is divided by 27?
18
What is the remainder when 395 is divided by 25?
20
Calculate the remainder when 2428 is divided by 187.
184
What is the remainder when 250 is divided by 18?
16
Calculate the remainder when 395 is divided by 67.
60
What is the remainder when 101 is divided by 26?
23
Calculate the remainder when 972 is divided by 484.
4
Calculate the remainder when 39 is divided by 12.
3
Calculate the remainder when 1678 is divided by 46.
22
What is the remainder when 94 is divided by 49?
45
Calculate the remainder when 340 is divided by 334.
6
Calculate the remainder when 11723 is divided by 11.
8
Calculate the remainder when 106 is divided by 10.
6
Calculate the remainder when 1582 is divided by 39.
22
What is the remainder when 233 is divided by 12?
5
Calculate the remainder when 258 is divided by 97.
64
Calculate the remainder when 298 is divided by 60.
58
Calculate the remainder when 272 is divided by 46.
42
Calculate the remainder when 228 is divided by 119.
109
What is the remainder when 107 is divided by 19?
12
What is the remainder when 435 is divided by 33?
6
What is the remainder when 2296 is divided by 50?
46
Calculate the remainder when 551 is divided by 246.
59
Calculate the remainder when 6458 is divided by 20.
18
What is the remainder when 332 is divided by 16?
12
Calculate the remainder when 184 is divided by 43.
12
What is the remainder when 2623 is divided by 21?
19
What is the remainder when 73 is divided by 25?
23
Calculate the remainder when 53 is divided by 1.
0
Calculate the remainder when 414 is divided by 60.
54
Calculate the remainder when 97 is divided by 7.
6
Calculate the remainder when 387 is divided by 17.
13
Calculate the remainder when 105 is divided by 53.
52
Calculate the remainder when 168 is divided by 102.
66
Calculate the remainder when 411 is divided by 3.
0
Calculate the remainder when 891 is divided by 112.
107
What is the remainder when 2324 is divided by 57?
44
What is the remainder when 180 is divided by 46?
42
What is the remainder when 314 is divided by 7?
6
Calculate the remainder when 776 is divided by 767.
9
What is the remainder when 201 is divided by 19?
11
What is the remainder when 49059 is divided by 74?
71
What is the remainder when 3402 is divided by 46?
44
Calculate the remainder when 156 is divided by 121.
35
What is the remainder when 207 is divided by 105?
102
What is the remainder when 571 is divided by 22?
21
Calculate the remainder when 1195 is divided by 300.
295
Calculate the remainder when 111 is divided by 59.
52
Calculate the remainder when 24 is divided by 1.
0
What is the remainder when 199 is divided by 37?
14
Calculate the remainder when 605 is divided by 202.
201
What is the remainder when 861 is divided by 42?
21
Calculate the remainder when 183 is divided by 66.
51
Calculate the remainder when 2451 is divided by 69.
36
Calculate the remainder when 79 is divided by 29.
21
What is the remainder when 333 is divided by 55?
3
What is the remainder when 154 is divided by 75?
4
Calculate the remainder when 245 is divided by 43.
30
Calculate the remainder when 391 is divided by 139.
113
What is the remainder when 125 is divided by 6?
5
What is the remainder when 1007 is divided by 10?
7
What is the remainder when 755 is divided by 37?
15
What is the remainder when 156 is divided by 116?
40
What is the remainder when 5023 is divided by 32?
31
What is the remainder when 133 is divided by 17?
14
What is the remainder when 349 is divided by 32?
29
What is the remainder when 606 is divided by 153?
147
Calculate the remainder when 1839 is divided by 184.
183
Calculate the remainder when 172 is divided by 69.
34
Calculate the remainder when 14021 is divided by 57.
56
What is the remainder when 1126 is divided by 23?
22
Calculate the remainder when 23 is divided by 11.
1
What is the remainder when 331 is divided by 69?
55
Calculate the remainder when 68 is divided by 20.
8
Calculate the remainder when 8151 is divided by 80.
71
Calculate the remainder when 378 is divided by 18.
0
What is the remainder when 446 is divided by 56?
54
Calculate the remainder when 1123 is divided by 23.
19
Calculate the remainder when 522 is divided by 19.
9
Calculate the remainder when 389 is divided by 90.
29
Calculate the remainder when 4630 is divided by 309.
304
Calculate the remainder when 3583 is divided by 64.
63
Calculate the remainder when 181 is divided by 8.
5
What is the remainder when 82 is divided by 26?
4
What is the remainder when 133 is divided by 20?
13
What is the remainder when 266 is divided by 132?
2
What is the remainder when 1747 is divided by 157?
20
What is the remainder when 815 is divided by 51?
50
Calculate the remainder when 327 is divided by 56.
47
Calculate the remainder when 1846 is divided by 327.
211
What is the remainder when 872 is divided by 18?
8
What is the remainder when 323 is divided by 9?
8
What is the remainder when 1702 is divided by 5?
2
What is the remainder when 11005 is divided by 256?
253
What is the remainder when 634 is divided by 62?
14
Calculate the remainder when 41 is divided by 17.
7
Calculate the remainder when 1451 is divided by 41.
16
What is the remainder when 16 is divided by 15?
1
What is the remainder when 165 is divided by 82?
1
Calculate the remainder when 4972 is divided by 131.
125
What is the remainder when 1624 is divided by 288?
184
Calculate the remainder when 4869 is divided by 14.
11
Calculate the remainder when 137 is divided by 114.
23
Calculate the remainder when 266 is divided by 26.
6
Calculate the remainder when 2335 is divided by 167.
164
What is the remainder when 34 is divided by 9?
7
Calculate the remainder when 149 is divided by 22.
17
Calculate the remainder when 548 is divided by 111.
104
What is the remainder when 141 is divided by 38?
27
Calculate the remainder when 158 is divided by 86.
72
What is the remainder when 356 is divided by 100?
56
What is the remainder when 701 is divided by 47?
43
Calculate the remainder when 307 is divided by 22.
21
Calculate the remainder when 569 is divided by 44.
41
Calculate the remainder when 11422 is divided by 224.
222
Calculate the remainder when 223 is divided by 123.
100
What is the remainder when 1976 is divided by 41?
8
Calculate the remainder when 204 